{"id":20,"date":"2025-06-25T01:06:37","date_gmt":"2025-06-25T01:06:37","guid":{"rendered":"https:\/\/ledzerrodriguez.com\/home\/"},"modified":"2025-07-14T18:02:12","modified_gmt":"2025-07-14T18:02:12","slug":"portafolio","status":"publish","type":"page","link":"https:\/\/ledzerrodriguez.com\/","title":{"rendered":"Portafolio"},"content":{"rendered":"","protected":false},"excerpt":{"rendered":"","protected":false},"author":1,"featured_media":983,"parent":0,"menu_order":0,"comment_status":"closed","ping_status":"closed","template":"templates\/template-portfolio4col-masonry.php","meta":{"footnotes":""},"class_list":["post-20","page","type-page","status-publish","has-post-thumbnail","hentry","has-thumbnail"],"yoast_head":"<!-- This site is optimized with the Yoast SEO plugin v25.4 - https:\/\/yoast.com\/wordpress\/plugins\/seo\/ -->\n<title>Portafolio<\/title>\n<meta name=\"description\" content=\"Portafolio de servicio creativo y de creaci\u00f3n de contenido gr\u00e1fico y audiovisual, asesor\u00eda de imagen corporativa y desarrollo de marcas.\" \/>\n<meta name=\"robots\" content=\"index, follow, max-snippet:-1, max-image-preview:large, max-video-preview:-1\" \/>\n<link rel=\"canonical\" href=\"https:\/\/ledzerrodriguez.com\/\" \/>\n<meta property=\"og:locale\" content=\"es_ES\" \/>\n<meta property=\"og:type\" content=\"article\" \/>\n<meta property=\"og:title\" content=\"Portafolio\" \/>\n<meta property=\"og:description\" content=\"Portafolio de servicio creativo y de creaci\u00f3n de contenido gr\u00e1fico y audiovisual, asesor\u00eda de imagen corporativa y desarrollo de marcas.\" \/>\n<meta property=\"og:url\" content=\"https:\/\/ledzerrodriguez.com\/\" \/>\n<meta property=\"og:site_name\" content=\"Creatividad Irreverente\" \/>\n<meta property=\"article:modified_time\" content=\"2025-07-14T18:02:12+00:00\" \/>\n<meta property=\"og:image\" content=\"https:\/\/ledzerrodriguez.com\/wp-content\/uploads\/2025\/07\/Portada-11.jpg\" \/>\n\t<meta property=\"og:image:width\" content=\"1728\" \/>\n\t<meta property=\"og:image:height\" content=\"968\" \/>\n\t<meta property=\"og:image:type\" content=\"image\/jpeg\" \/>\n<meta name=\"twitter:card\" content=\"summary_large_image\" \/>\n<meta name=\"twitter:label1\" content=\"Tiempo de lectura\" \/>\n\t<meta name=\"twitter:data1\" content=\"1 minuto\" \/>\n<script type=\"application\/ld+json\" class=\"yoast-schema-graph\">{\"@context\":\"https:\/\/schema.org\",\"@graph\":[{\"@type\":\"WebPage\",\"@id\":\"https:\/\/ledzerrodriguez.com\/\",\"url\":\"https:\/\/ledzerrodriguez.com\/\",\"name\":\"Portafolio\",\"isPartOf\":{\"@id\":\"https:\/\/ledzerrodriguez.com\/#website\"},\"primaryImageOfPage\":{\"@id\":\"https:\/\/ledzerrodriguez.com\/#primaryimage\"},\"image\":{\"@id\":\"https:\/\/ledzerrodriguez.com\/#primaryimage\"},\"thumbnailUrl\":\"https:\/\/ledzerrodriguez.com\/wp-content\/uploads\/2025\/07\/Portada-11.jpg\",\"datePublished\":\"2025-06-25T01:06:37+00:00\",\"dateModified\":\"2025-07-14T18:02:12+00:00\",\"description\":\"Portafolio de servicio creativo y de creaci\u00f3n de contenido gr\u00e1fico y audiovisual, asesor\u00eda de imagen corporativa y desarrollo de marcas.\",\"breadcrumb\":{\"@id\":\"https:\/\/ledzerrodriguez.com\/#breadcrumb\"},\"inLanguage\":\"es-CO\",\"potentialAction\":[{\"@type\":\"ReadAction\",\"target\":[\"https:\/\/ledzerrodriguez.com\/\"]}]},{\"@type\":\"ImageObject\",\"inLanguage\":\"es-CO\",\"@id\":\"https:\/\/ledzerrodriguez.com\/#primaryimage\",\"url\":\"https:\/\/ledzerrodriguez.com\/wp-content\/uploads\/2025\/07\/Portada-11.jpg\",\"contentUrl\":\"https:\/\/ledzerrodriguez.com\/wp-content\/uploads\/2025\/07\/Portada-11.jpg\",\"width\":1728,\"height\":968,\"caption\":\"Portafolio de trabajos\"},{\"@type\":\"BreadcrumbList\",\"@id\":\"https:\/\/ledzerrodriguez.com\/#breadcrumb\",\"itemListElement\":[{\"@type\":\"ListItem\",\"position\":1,\"name\":\"Inicio\",\"item\":\"https:\/\/ledzerrodriguez.com\/\"},{\"@type\":\"ListItem\",\"position\":2,\"name\":\"Portafolio\"}]},{\"@type\":\"WebSite\",\"@id\":\"https:\/\/ledzerrodriguez.com\/#website\",\"url\":\"https:\/\/ledzerrodriguez.com\/\",\"name\":\"Creatividad Irreverente\",\"description\":\"Portafolio de servicios creativos ofrecidos, para empresas y emprendedores, abarcando desde el Dise\u00f1o gr\u00e1fico, IA, produccion audiovisual y creacion de p\u00e1ginas web.\",\"publisher\":{\"@id\":\"https:\/\/ledzerrodriguez.com\/#organization\"},\"potentialAction\":[{\"@type\":\"SearchAction\",\"target\":{\"@type\":\"EntryPoint\",\"urlTemplate\":\"https:\/\/ledzerrodriguez.com\/?s={search_term_string}\"},\"query-input\":{\"@type\":\"PropertyValueSpecification\",\"valueRequired\":true,\"valueName\":\"search_term_string\"}}],\"inLanguage\":\"es-CO\"},{\"@type\":\"Organization\",\"@id\":\"https:\/\/ledzerrodriguez.com\/#organization\",\"name\":\"Creatividad Irreverente\",\"url\":\"https:\/\/ledzerrodriguez.com\/\",\"logo\":{\"@type\":\"ImageObject\",\"inLanguage\":\"es-CO\",\"@id\":\"https:\/\/ledzerrodriguez.com\/#\/schema\/logo\/image\/\",\"url\":\"https:\/\/ledzerrodriguez.com\/wp-content\/uploads\/2025\/07\/cropped-Favicon-ledzer.png\",\"contentUrl\":\"https:\/\/ledzerrodriguez.com\/wp-content\/uploads\/2025\/07\/cropped-Favicon-ledzer.png\",\"width\":512,\"height\":512,\"caption\":\"Creatividad Irreverente\"},\"image\":{\"@id\":\"https:\/\/ledzerrodriguez.com\/#\/schema\/logo\/image\/\"}}]}<\/script>\n<!-- \/ Yoast SEO plugin. -->","yoast_head_json":{"title":"Portafolio","description":"Portafolio de servicio creativo y de creaci\u00f3n de contenido gr\u00e1fico y audiovisual, asesor\u00eda de imagen corporativa y desarrollo de marcas.","robots":{"index":"index","follow":"follow","max-snippet":"max-snippet:-1","max-image-preview":"max-image-preview:large","max-video-preview":"max-video-preview:-1"},"canonical":"https:\/\/ledzerrodriguez.com\/","og_locale":"es_ES","og_type":"article","og_title":"Portafolio","og_description":"Portafolio de servicio creativo y de creaci\u00f3n de contenido gr\u00e1fico y audiovisual, asesor\u00eda de imagen corporativa y desarrollo de marcas.","og_url":"https:\/\/ledzerrodriguez.com\/","og_site_name":"Creatividad Irreverente","article_modified_time":"2025-07-14T18:02:12+00:00","og_image":[{"width":1728,"height":968,"url":"https:\/\/ledzerrodriguez.com\/wp-content\/uploads\/2025\/07\/Portada-11.jpg","type":"image\/jpeg"}],"twitter_card":"summary_large_image","twitter_misc":{"Tiempo de lectura":"1 minuto"},"schema":{"@context":"https:\/\/schema.org","@graph":[{"@type":"WebPage","@id":"https:\/\/ledzerrodriguez.com\/","url":"https:\/\/ledzerrodriguez.com\/","name":"Portafolio","isPartOf":{"@id":"https:\/\/ledzerrodriguez.com\/#website"},"primaryImageOfPage":{"@id":"https:\/\/ledzerrodriguez.com\/#primaryimage"},"image":{"@id":"https:\/\/ledzerrodriguez.com\/#primaryimage"},"thumbnailUrl":"https:\/\/ledzerrodriguez.com\/wp-content\/uploads\/2025\/07\/Portada-11.jpg","datePublished":"2025-06-25T01:06:37+00:00","dateModified":"2025-07-14T18:02:12+00:00","description":"Portafolio de servicio creativo y de creaci\u00f3n de contenido gr\u00e1fico y audiovisual, asesor\u00eda de imagen corporativa y desarrollo de marcas.","breadcrumb":{"@id":"https:\/\/ledzerrodriguez.com\/#breadcrumb"},"inLanguage":"es-CO","potentialAction":[{"@type":"ReadAction","target":["https:\/\/ledzerrodriguez.com\/"]}]},{"@type":"ImageObject","inLanguage":"es-CO","@id":"https:\/\/ledzerrodriguez.com\/#primaryimage","url":"https:\/\/ledzerrodriguez.com\/wp-content\/uploads\/2025\/07\/Portada-11.jpg","contentUrl":"https:\/\/ledzerrodriguez.com\/wp-content\/uploads\/2025\/07\/Portada-11.jpg","width":1728,"height":968,"caption":"Portafolio de trabajos"},{"@type":"BreadcrumbList","@id":"https:\/\/ledzerrodriguez.com\/#breadcrumb","itemListElement":[{"@type":"ListItem","position":1,"name":"Inicio","item":"https:\/\/ledzerrodriguez.com\/"},{"@type":"ListItem","position":2,"name":"Portafolio"}]},{"@type":"WebSite","@id":"https:\/\/ledzerrodriguez.com\/#website","url":"https:\/\/ledzerrodriguez.com\/","name":"Creatividad Irreverente","description":"Portafolio de servicios creativos ofrecidos, para empresas y emprendedores, abarcando desde el Dise\u00f1o gr\u00e1fico, IA, produccion audiovisual y creacion de p\u00e1ginas web.","publisher":{"@id":"https:\/\/ledzerrodriguez.com\/#organization"},"potentialAction":[{"@type":"SearchAction","target":{"@type":"EntryPoint","urlTemplate":"https:\/\/ledzerrodriguez.com\/?s={search_term_string}"},"query-input":{"@type":"PropertyValueSpecification","valueRequired":true,"valueName":"search_term_string"}}],"inLanguage":"es-CO"},{"@type":"Organization","@id":"https:\/\/ledzerrodriguez.com\/#organization","name":"Creatividad Irreverente","url":"https:\/\/ledzerrodriguez.com\/","logo":{"@type":"ImageObject","inLanguage":"es-CO","@id":"https:\/\/ledzerrodriguez.com\/#\/schema\/logo\/image\/","url":"https:\/\/ledzerrodriguez.com\/wp-content\/uploads\/2025\/07\/cropped-Favicon-ledzer.png","contentUrl":"https:\/\/ledzerrodriguez.com\/wp-content\/uploads\/2025\/07\/cropped-Favicon-ledzer.png","width":512,"height":512,"caption":"Creatividad Irreverente"},"image":{"@id":"https:\/\/ledzerrodriguez.com\/#\/schema\/logo\/image\/"}}]}},"_links":{"self":[{"href":"https:\/\/ledzerrodriguez.com\/index.php?rest_route=\/wp\/v2\/pages\/20","targetHints":{"allow":["GET"]}}],"collection":[{"href":"https:\/\/ledzerrodriguez.com\/index.php?rest_route=\/wp\/v2\/pages"}],"about":[{"href":"https:\/\/ledzerrodriguez.com\/index.php?rest_route=\/wp\/v2\/types\/page"}],"author":[{"embeddable":true,"href":"https:\/\/ledzerrodriguez.com\/index.php?rest_route=\/wp\/v2\/users\/1"}],"replies":[{"embeddable":true,"href":"https:\/\/ledzerrodriguez.com\/index.php?rest_route=%2Fwp%2Fv2%2Fcomments&post=20"}],"version-history":[{"count":22,"href":"https:\/\/ledzerrodriguez.com\/index.php?rest_route=\/wp\/v2\/pages\/20\/revisions"}],"predecessor-version":[{"id":978,"href":"https:\/\/ledzerrodriguez.com\/index.php?rest_route=\/wp\/v2\/pages\/20\/revisions\/978"}],"wp:featuredmedia":[{"embeddable":true,"href":"https:\/\/ledzerrodriguez.com\/index.php?rest_route=\/wp\/v2\/media\/983"}],"wp:attachment":[{"href":"https:\/\/ledzerrodriguez.com\/index.php?rest_route=%2Fwp%2Fv2%2Fmedia&parent=20"}],"curies":[{"name":"wp","href":"https:\/\/api.w.org\/{rel}","templated":true}]}}